 (base 10) to base 8.
-217
3 (base 7) to base 15
3
What is -6 (base 8) in base 5?
-11
What is 32 (base 8) in base 14?
1c
What is -131 (base 5) in base 10?
-41
1 (base 12) to base 8
1
30 (base 4) to base 3
110
Convert -7 (base 14) to base 3.
-21
Convert 4 (base 6) to base 16.
4
4 (base 15) to base 11
4
1133 (base 4) to base 16
5f
-32 (base 5) to base 8
-21
Convert -25 (base 16) to base 10.
-37
Convert 13 (base 4) to base 5.
12
Convert 20 (base 4) to base 16.
8
Convert -124 (base 9) to base 6.
-251
-1 (base 16) to base 15
-1
-200 (base 6) to base 9
-80
Convert -4 (base 16) to base 7.
-4
Convert -304 (base 10) to base 6.
-1224
Convert 101 (base 6) to base 9.
41
7 (base 10) to base 7
10
What is 4 (base 12) in base 15?
4
What is -50 (base 7) in base 14?
-27
What is 30 (base 8) in base 7?
33
What is -10 (base 4) in base 7?
-4
-5 (base 16) to base 10
-5
Convert -2 (base 13) to base 10.
-2
Convert -33 (base 9) to base 3.
-1010
What is -20 (base 7) in base 3?
-112
What is -100 (base 2) in base 9?
-4
What is -111 (base 2) in base 14?
-7
Convert -2 (base 14) to base 16.
-2
28 (base 13) to base 11
31
What is -1 (base 8) in base 5?
-1
Convert -1 (base 11) to base 14.
-1
What is -1100 (base 2) in base 16?
-c
What is -3 (base 16) in base 4?
-3
Convert 122 (base 9) to base 6.
245
1 (base 12) to base 4
1
12221 (base 3) to base 9
187
Convert -51 (base 9) to base 10.
-46
1 (base 4) to base 11
1
Convert -14 (base 14) to base 6.
-30
Convert -9 (base 13) to base 16.
-9
Convert 80 (base 13) to base 2.
1101000
What is -12 (base 14) in base 4?
-100
-138 (base 11) to base 15
-ac
Convert -163 (base 10) to base 15.
-ad
-11 (base 14) to base 11
-14
What is -171 (base 14) in base 15?
-14a
What is -1110 (base 2) in base 11?
-13
What is 1412 (base 5) in base 3?
22121
Convert 3 (base 13) to base 16.
3
Convert -100101 (base 2) to base 9.
-41
-18 (base 14) to base 15
-17
Convert 1232 (base 4) to base 12.
92
-27 (base 9) to base 12
-21
Convert 1011 (base 3) to base 6.
51
What is -100 (base 2) in base 6?
-4
-3b (base 15) to base 5
-211
What is -102 (base 4) in base 13?
-15
What is 2 (base 6) in base 7?
2
1 (base 10) to base 9
1
What is 21 (base 12) in base 8?
31
Convert -2 (base 4) to base 6.
-2
Convert -2 (base 13) to base 5.
-2
Convert 200 (base 6) to base 2.
1001000
-111 (base 6) to base 2
-101011
Convert -5 (base 11) to base 4.
-11
-18 (base 10) to base 4
-102
-37 (base 14) to base 15
-34
What is 2011 (base 3) in base 7?
112
-5 (base 8) to base 13
-5
300 (base 4) to base 7
66
Convert -7 (base 10) to base 2.
-111
What is 3 (base 12) in base 9?
3
Convert 100 (base 2) to base 13.
4
Convert -101 (base 2) to base 12.
-5
What is 121 (base 9) in base 7?
202
What is 1 (base 10) in base 15?
1
What is -3e (base 15) in base 8?
-73
What is 10 (base 2) in base 13?
2
Convert 242 (base 9) to base 7.
404
-3 (base 5) to base 8
-3
What is 0 (base 4) in base 7?
0
2a (base 11) to base 2
100000
What is 22 (base 3) in base 16?
8
What is -10 (base 8) in base 14?
-8
Convert -1b7 (base 14) to base 13.
-216
What is 7a (base 11) in base 3?
10020
What is -401 (base 6) in base 12?
-101
Convert 55 (base 12) to base 15.
45
Convert -11 (base 5) to base 2.
-110
What is 4 (base 6) in base 8?
4
220 (base 3) to base 16
18
Convert -5 (base 6) to base 3.
-12
What is -5b (base 16) in base 8?
-133
Convert -47 (base 13) to base 15.
-3e
Convert -266 (base 8) to base 14.
-d0
Convert 1c (base 16) to base 6.
44
Convert 10010 (base 2) to base 7.
24
14 (base 9) to base 8
15
-202 (base 4) to base 15
-24
-8c (base 13) to base 14
-84
2 (base 4) to base 7
2
Convert -42 (base 7) to base 15.
-20
-33 (base 11) to base 10
-36
-17 (base 16) to base 2
-10111
-141 (base 5) to base 13
-37
What is 3 (base 10) in base 6?
3
What is -11 (base 9) in base 15?
-a
What is 7c (base 14) in base 4?
1232
Convert -2310 (base 4) to base 10.
-180
Convert -4 (base 5) to base 16.
-4
What is 10 (base 2) in base 14?
2
What is -1b (base 13) in base 2?
-11000
Convert -63 (base 16) to base 3.
-10200
Convert 2 (base 13) to base 5.
2
Convert 22 (base 3) to base 8.
10
-110 (base 2) to base 10
-6
-73 (base 15) to base 7
-213
-100101110 (base 2) to base 8
-456
Convert 0 (base 14) to base 10.
0
What is 9b (base 12) in base 16?
77
Convert 4 (base 14) to base 12.
4
Convert 231 (base 4) to base 5.
140
20 (base 7) to base 3
112
What is 1a (base 14) in base 16?
18
Convert -3 (base 4) to base 5.
-3
What is -2 (base 13) in base 12?
-2
What is 233 (base 7) in base 15?
82
What is -36 (base 13) in base 12?
-39
89 (base 16) to base 14
9b
-12 (base 8) to base 7
-13
Convert 10 (base 6) to base 16.
6
0 (base 15) to base 8
0
What is -1041 (base 5) in base 13?
-b3
110111 (base 2) to base 13
43
Convert -260 (base 7) to base 10.
-140
-1 (base 5) to base 11
-1
-455 (base 7) to base 6
-1032
-250 (base 6) to base 12
-86
Convert 6 (base 14) to base 2.
110
3 (base 16) to base 10
3
Convert 2121 (base 4) to base 13.
ba
3 (base 9) to base 8
3
-2 (base 8) to base 14
-2
-32 (base 6) to base 13
-17
Convert -20 (base 15) to base 4.
-132
-10000 (base 2) to base 3
-121
-1 (base 9) to base 6
-1
What is -3 (base 12) in base 14?
-3
What is 27 (base 15) in base 11?
34
What is -12 (base 8) in base 4?
-22
What is 4 (base 10) in base 6?
4
Convert 13 (base 9) to base 4.
30
What is -1111 (base 2) in base 5?
-30
Convert -3 (base 8) to base 10.
-3
1 (base 12) to base 13
1
9 (base 16) to base 2
1001
What is -113 (base 4) in base 15?
-18
Convert 51 (base 7) to base 13.
2a
What is -10 (base 2) in base 5?
-2
-84 (base 16) to base 8
-204
-25 (base 14) to base 2
-100001
Convert 5a (base 11) to base 5.
230
4 (base 9) to base 16
4
Convert -9 (base 14) to base 13.
-9
What is 2 (base 13) in base 5?
2
What is -c (base 13) in base 14?
-c
0 (base 15) to base 6
0
What is -1 (base 11) in base 9?
-1
-39 (base 12) to base 6
-113
Convert 3 (base 11) to base 16.
3
What is 4 (base 15) in base 4?
10
Convert 16 (base 12) to base 5.
33
What is -22 (base 11) in base 2?
-11000
-11 (base 3) to base 8
-4
-13 (base 15) to base 2
-10010
What is -3 (base 14) in base 10?
-3
Convert 1050 (base 6) to base 2.
11110110
Convert -6 (base 7) to base 10.
-6
Convert -1 (base 8) to base 16.
-1
What is 2a (base 11) in base 14?
24
-2 (base 8) to base 15
-2
What is 2023 (base 5) in base 12?
19b
10 (base 3) to base 8
3
1100 (base 4) to base 9
88
What is 7 (base 9) in base 12?
7
0 (base 8) to base 2
0
Convert e7 (base 16) to base 12.
173
What is -1 (base 12) in base 9?
-1
-2 (base 6) to base 5
-2
What is 70 (base 12) in base 6?
220
-1 (base 11) to base 5
-1
Convert 1 (base 16) to base 2.
1
Convert -11 (base 2) to base 13.
-3
15 (base 7) to base 5
22
-17 (base 10) to base 13
-14
What is -c (base 14) in base 8?
-14
-212 (base 4) to base 12
-32
Convert -1001 (base 2) to base 14.
-9
-70 (base 14) to base 16
-62
What is -42 (base 6) in base 2?
-11010
354 (base 8) to base 7
455
122 (base 4) to base 7
35
Convert -6 (base 12) to base 9.
-6
What is d (base 14) in base 5?
23
-1 (base 7) to base 15
-1
Convert 5 (base 9) to base 15.
5
-3 (base 9) to base 14
-3
Convert 11010111 (base 2) to base 4.
3113
Convert -95 (base 12) to base 4.
-1301
What is -54 (base 8) in base 10?
-44
-1 (base 4) to base 13
-1
56 (base 15) to base 3
10000
Convert -352 (base 7) to base 14.
-d2
-276 (base 11) to base 3
-110001
What is -143 (base 5) in base 8?
-60
What is -50 (base 9) in base 3?
-1200
What is 6f (base 16) in base 5?
421
25 (base 8) to base 16
15
1 (base 2) to base 15
1
Convert -20 (base 13) to base 3.
-222
-5 (base 7) to base 5
-10
Convert -1111110 (base 2) to base 5.
-1001
-24 (base 12) to base 8
-34
What is -12 (base 3) in base 9?
-5
-14 (base 7) to base 10
-11
Convert -89 (base 12) to base 6.
-253
0 (base 7) to base 5
0
1 (base 12) to base 11
1
Convert 2 (base 14) to base 11.
2
Convert -40 (base 7) to base 6.
-44
-18 (base 10) to base 3
-200
What is -122 (base 3) in base 9?
-18
What is 5 (base 9) in base 2?
101
Convert 120 (base 3) to base 9.
16
5 (base 6) to base 4
11
10 (base 7) to base 8
7
-2 (base 11) to base 15
-2
-5 (base 12) to base 13
-5
What is 8a (base 12) in base 16?
6a
Convert -6 (base 14) to base 3.
-20
Convert 4 (base 15) to base 4.
10
18 (base 10) to base 5
33
What is 46 (base 13) in base 8?
72
Convert -c (base 16) to base 8.
-14
What is -1a (base 1